e prime factors of t?
7, 17
Suppose -2*c + 93 = 3*c + 2*q, 3*q = 12. Suppose c - 5 = -w. What are the prime factors of ((-3)/2)/(9/w)?
2
Suppose 0 = -4*n + 170 + 26. List the prime factors of n.
7
Let r = -96 + 112. List the prime factors of r.
2
Let f(n) = -41*n + 3. Let b(v) = 14*v - 1. Let i(m) = -8*b(m) - 3*f(m). Let o be i(1). What are the prime factors of ((-96)/(-20))/(3/o)?
2
Let h(u) be the first derivative of -u**2/2 + 21*u - 2. What are the prime factors of h(0)?
3, 7
Suppose 6*v = v - 4*a + 41, -v + 1 = -a. Let r = 5 + v. What are the prime factors of r?
2, 5
Let j be (-42)/(-8) + 3/(-12). Suppose 5*v = -j - 5. What are the prime factors of (-1)/(3/(-27)) + v?
7
Suppose g - 4*y - 23 = 0, 2*g + 7*y - 2*y + 6 = 0. Suppose -p + l = -3*l - g, -3*l - 9 = -2*p. What are the prime factors of p/(9/(-6)) + 15?
13
Let b(z) = 2*z**2 - 5*z + 4. Let k be b(2). Suppose -k*l + 42 = -l. What are the prime factors of l?
2, 3, 7
Let q(l) = 2*l**2 - 6*l + 5. Let a be q(5). What are the prime factors of 4/(-10) - (-135)/a?
5
Let c(l) = -l**3 + 6*l**2 + 3*l + 3. Suppose 4*b + 5 + 5 = 5*k, -5*b + 7 = -3*k. List the prime factors of c(k).
3, 7
Let x(t) = t**3 - 6*t**2 + t - 6. Let f be x(6). Let h(a) = a**3 - a + 10. List the prime factors of h(f).
2, 5
Let w be ((-6)/(-3) - 1) + 7. Let g(f) = f - 5. Let x be g(w). Suppose -x*o + 6 = -4*k - 29, 5*o = k + 64. What are the prime factors of o?
13
Let r be 6/(-9) + (-298)/(-6). Suppose 3*s = 11 + r. What are the prime factors of s?
2, 5
Let l be -72*-1*2/4. Let c = -22 + l. Let o = 22 - c. List the prime factors of o.
2
Let w be (-14)/8*-4*2. Let g = w + -6. Let n = -5 + g. What are the prime factors of n?
3
Suppose -2*x - 11 = -1, -2*x = -2*k + 8. Let h = -6 + 17. Let t = k + h. What are the prime factors of t?
2, 5
Suppose -27 = -4*p + 37. What are the prime factors of p?
2
Let i(g) = 2 - g + 0*g + 4*g**2 - 3*g**2. What are the prime factors of i(5)?
2, 11
Let j(c) = -c**3 - c + 23. Suppose 2 = 4*f - t, 5*f + 1 = 4*t + 9. What are the prime factors of j(f)?
23
Let y be 4/3*6/4. Suppose 5*n - 8 = y. Suppose -2*p = n*p - 8. What are the prime factors of p?
2
Let i(k) = -11*k - 2. Let r(t) = t**2 - 2. Let p be r(2). Let z be i(p). What are the prime factors of 2 + -2 - z/3?
2
Let i(j) = 3*j - 4*j + 2*j + 4 + 4*j. What are the prime factors of i(3)?
19
Suppose 0 = 4*x + 5*w - 1161, 3*x = -x + 4*w + 1152. List the prime factors of x.
17
Suppose 31 = 2*d - 13. What are the prime factors of d?
2, 11
Let r(p) = -5*p**2 - p - 4. Let g be r(-4). What are the prime factors of -3*(g/(-6))/(-2)?
2, 5
Let l = -5 - -3. Let v = 3 + 1. Let d = v - l. List the prime factors of d.
2, 3
Let c be (3 + -2)*1 + 0. Let v be 11/(c/2*-1). What are the prime factors of v/(-12) + (-1)/(-6)?
2
Let c be (-6)/(-2) + 0 - -2. Suppose y + c*i = -y + 22, -4*y + 72 = 3*i. What are the prime factors of 7/(y/18)*1?
2, 3
Suppose 267 = 4*p - 2*a - 339, -2*a - 144 = -p. List the prime factors of p.
2, 7, 11
Suppose -3*x - 5*s = 2*x + 245, s - 83 = 2*x. What are the prime factors of (-2)/8 - 407/x?
3
Let j be ((-4)/(-6))/(6/(-9)). Let b be 6/(4 + j)*1. Suppose 3*n = 3, k = -b*k - 2*n + 35. What are the prime factors of k?
11
Let s = 2 + 1. Suppose -s*y + 42 - 3 = 3*f, -5*f + 72 = -2*y. List the prime factors of f.
2, 7
Suppose -4*y + 180 = y. What are the prime factors of y?
2, 3
Suppose 5*p = -l + 265, -5*l + 740 = -2*l + 4*p. What are the prime factors of l?
2, 3, 5
Suppose 5*y + 11 = -4. List the prime factors of ((-1)/y)/(1/15).
5
Let f = -2 - -7. Suppose 3*m + 5*t + 65 = 0, m - 3*t + f*t = -20. List the prime factors of (12/(-15))/(2/m).
2, 3
Suppose -4*g - 128 = -3*n, 0 = -3*g - 14 - 1. What are the prime factors of n?
2, 3
Let s(b) = 49*b**2 - b. Let v be s(1). What are the prime factors of v/40*55/2?
3, 11
Let m be 4/(-22) + 2/11. Suppose -s + m*s = -5. Suppose s*r = 15 + 25. What are the prime factors of r?
2
Let h(z) = z**2 + 11. Let g be h(0). Suppose 3*n = 3*m + 9, -2*m = 1 - g. What are the prime factors of n?
2
Suppose -2*x = x - 3*s + 9, 2*s = -5*x - 36. Let l(b) = -b**2 - 9*b - 8. Let v be l(x). Let j = v - 0. List the prime factors of j.
2, 5
Let x = -10 + 17. Let s(n) = 2*n - 8. Let g be s(x). Let q = g + -2. What are the prime factors of q?
2
Suppose 2*b - 200 = -4*x, -7*b = -x - 2*b + 50. List the prime factors of x.
2, 5
Suppose -5*o = -o - 288. What are the prime factors of o?
2, 3
Let z(p) = -p**3 - 8*p**2 + 10*p + 12. Let r be z(-9). Suppose -r*v + 58 = 5*y, 0*y - 2*v = y - 13. What are the prime factors of y?
11
Suppose -2 = 4*z + 22. Let g be 35*(0 + z/(-15)). Let j = 20 - g. List the prime factors of j.
2, 3
Let i(n) = -n**3 + 5*n**2 - 3. Let r be i(5). Let d = 18 + r. Let f = -8 + d. List the prime factors of f.
7
Let h(l) = 2*l - 1. Let s be h(1). Suppose -s = -3*j + 8. What are the prime factors of j?
3
List the prime factors of (-223 - 5)/(-4) + 0 + 2.
59
Let i = 18 - 13. Suppose -x + i*p - 10 = 0, -3*x - 4*p - 21 = 2*x. Let l(g) = g**3 + 4*g**2 - 5*g + 7. List the prime factors of l(x).
7
Suppose -4*o = -n - 11, -3*o - 2*n = -9 - 2. Let v(d) = -d - o*d + d. What are the prime factors of v(-1)?
3
Let v(o) be the third derivative of 0 - 5/24*o**4 + 3*o**2 + 1/6*o**3 + 0*o + 1/60*o**5. What are the prime factors of v(7)?
3, 5
Suppose 0 = 5*x - 3*b - 18, -2*x + 8 = b - 3*b. Let k(s) = 3 + 2 + 5*s - x - s**2. What are the prime factors of k(4)?
2, 3
Let r(h) = 15*h**2 + 3*h - 2. Let k be r(2). Suppose 2*t + 3 = -3*z + 47, 5*z + t = k. What are the prime factors of z?
2, 3
Suppose -2 = 4*j - 10. Suppose -4*n - 3*v = -47, 52 = 4*n + j*v + 2*v. List the prime factors of n.
2
Let k(l) = l**2 - 6*l + 6. Let w be k(6). List the prime factors of (-2)/3 - (-280)/w.
2, 23
Let q(w) = -3*w - 3. Let p be (1*2)/(7/(-14)). List the prime factors of q(p).
3
Let r = -5 + 13. Suppose -a + 3*a - 5*i - r = 0, 0 = 4*a - i - 34. List the prime factors of a.
3
Let j = 56 - 13. List the prime factors of j.
43
Let k(r) = -8*r - 1. List the prime factors of k(-2).
3, 5
Suppose -9 = -3*t - 3. What are the prime factors of 3*(-1 + 12/t)?
3, 5
Let z = -200 - -361. List the prime factors of z.
7, 23
Suppose -2*k - 24 = 2*k. Suppose -b + 4*h - 2 = 0, 4*b - b + 6 = -5*h. Let r = b - k. What are the prime factors of r?
2
Let r(y) = 2*y**2 + 6*y - 5. List the prime factors of r(-7).
3, 17
Suppose 6 = x + b + b, x + 4*b = 10. What are the prime factors of x?
2
Suppose -v = -2*b + 3*b, 2*v - 5*b = 28. Suppose v*z - 90 = -z. List the prime factors of z.
2, 3
Let j(l) = -4*l - 6. Let c be 1*-1*(1 + 4). What are the prime factors of j(c)?
2, 7
Let d = 40 + 9. What are the prime factors of d?
7
Suppose -4 = -4*v + 3*l, 5*l = -5*v + 3*v + 2. Let x(u) = 27*u. Let y be x(v). Suppose 0 = -3*h + 69 - y. What are the prime factors of h?
2, 7
Let d(h) = -h**3 - 9*h**2 - 10*h - 3. List the prime factors of d(-8).
13
Suppose 0 = -5*u - 0*n + n + 16, -36 = -5*u - 4*n. Suppose u*g = -6 + 114. Suppose -6*a = -3*a - g. List the prime factors of a.
3
Suppose 0 = -4*y - 4*z - 20, 2*y + 22 = -5*z. List the prime factors of 0/(-4) - 24*y.
2, 3
Let r(x) be the first derivative of 3*x**2 - 3. Let h be r(-1). List the prime factors of (4/(-8))/(1/h).
3
Let h(p) be the first derivative of p**4/12 + p**3 + 7*p**2/2 - 3*p + 4. Let z(j) be the first derivative of h(j). What are the prime factors of z(-7)?
2, 7
Let m be (0 - 1)*1 + -2. Let f = m + 7. List the prime factors of (f/(-2))/(-2) - -3.
2
Let d(s) = s**3 + 5*s**2 - 7*s - 8. Let g be d(-6). Let r = g - -2. Suppose r*n + 2*n = 24. What are the prime factors of n?
2, 3
Let h(r) = r**2 - 6*r + 4. Let g be h(5). List the prime factors of (1/2)/(g/(-6)).
3
Suppose t - z = -2*t + 4, 5*t = -4*z + 35. Suppose 0 = -t*o + 9 + 42. What are the prime factors of o?
17
Let j = 11 - 11. List the prime factors of (-3 - j)*(-76)/12.
19
Let j(c) = -c**3 + 3*c**2 + c + 5. Suppose -5*k + 40 = 5*v, -8 = -3*v + 2*k - k. Let b be j(v). Let y = 10 + b. What are the prime factors of y?
3
Suppose -12*l + 11*l + 238 = i, -3*i = 5*l - 710. List the prime factors of i.
2, 3, 5
Suppose 1 = -2*s - 1. Let u = 12 - 19. Let h = s - u. What are the prime factors of h?
2, 3
Suppose d - 3*d = -26. List the prime factors of d.
13
Suppose 3*a = 3 - 0. Let n b